{"id":843,"date":"2014-01-08T10:24:09","date_gmt":"2014-01-08T10:24:09","guid":{"rendered":"http:\/\/hgv.tatalata.com\/?page_id=843"},"modified":"2020-01-15T19:53:19","modified_gmt":"2020-01-15T18:53:19","slug":"termine","status":"publish","type":"page","link":"https:\/\/hgv-raketen.de\/?page_id=843","title":{"rendered":"Termine"},"content":{"rendered":"<p><a href=\"https:\/\/hgv-raketen.de\/wp-content\/uploads\/2020\/01\/Terminplan20.pdf\"><div class=\"su-document su-u-responsive-media-yes\"><iframe loading=\"lazy\" src=\"\/\/docs.google.com\/viewer?embedded=true&url=https:\/\/hgv-raketen.de\/wp-content\/uploads\/2020\/01\/Terminplan20.pdf\" width=\"600\" height=\"400\" class=\"su-document\" title=\"\"><\/iframe><\/div><\/a><\/p>\n<p>Und hier zum Download die Jahres\u00fcbersicht 2020: &nbsp; <a href=\"https:\/\/hgv-raketen.de\/wp-content\/uploads\/2020\/01\/Terminplan20.pdf\">Terminplan20<\/a><\/p>\n<p>Bei Starttagen usw. entscheidet Wetter und Startfeld-Verf\u00fcgbarkeit \u00fcber die Durchf\u00fchrung.<\/p>\n<p><!--<iframe loading=\"lazy\" style=\"border-width: 0px;\" src=\"https:\/\/www.google.com\/calendar\/embed?height=600&amp;wkst=1&amp;bgcolor=%23FFFFFF&amp;src=ms5ajg3il4sc3tn1hhh1gh8ceg%40group.calendar.google.com&amp;color=%232952A3&amp;ctz=Europe%2FBerlin\" width=\"800\" height=\"600\" frameborder=\"0\" scrolling=\"no\"><\/iframe>--><\/p>\n","protected":false},"excerpt":{"rendered":"<p>Und hier zum Download die Jahres\u00fcbersicht 2020: &nbsp; Terminplan20 Bei Starttagen usw. entscheidet Wetter und Startfeld-Verf\u00fcgbarkeit \u00fcber die Durchf\u00fchrung.<\/p>\n","protected":false},"author":1,"featured_media":0,"parent":0,"menu_order":0,"comment_status":"open","ping_status":"closed","template":"","meta":{"footnotes":""},"class_list":["post-843","page","type-page","status-publish","hentry","gallery-content-unit"],"_links":{"self":[{"href":"https:\/\/hgv-raketen.de\/index.php?rest_route=\/wp\/v2\/pages\/843"}],"collection":[{"href":"https:\/\/hgv-raketen.de\/index.php?rest_route=\/wp\/v2\/pages"}],"about":[{"href":"https:\/\/hgv-raketen.de\/index.php?rest_route=\/wp\/v2\/types\/page"}],"author":[{"embeddable":true,"href":"https:\/\/hgv-raketen.de\/index.php?rest_route=\/wp\/v2\/users\/1"}],"replies":[{"embeddable":true,"href":"https:\/\/hgv-raketen.de\/index.php?rest_route=%2Fwp%2Fv2%2Fcomments&post=843"}],"version-history":[{"count":32,"href":"https:\/\/hgv-raketen.de\/index.php?rest_route=\/wp\/v2\/pages\/843\/revisions"}],"predecessor-version":[{"id":3636,"href":"https:\/\/hgv-raketen.de\/index.php?rest_route=\/wp\/v2\/pages\/843\/revisions\/3636"}],"wp:attachment":[{"href":"https:\/\/hgv-raketen.de\/index.php?rest_route=%2Fwp%2Fv2%2Fmedia&parent=843"}],"curies":[{"name":"wp","href":"https:\/\/api.w.org\/{rel}","templated":true}]}}